
Let c(y) = 18*y**2 - 1007*y - 48. Calculate c(56).
8
Let z(y) = -y**2 + 9691*y + 7. Calculate z(0).
7
Let j(p) = 272*p - 559. What is j(2)?
-15
Let l(h) = -3*h**3 - h**2 + 3*h + 27. Calculate l(3).
-54
Let r(i) = 16*i - 110. Determine r(4).
-46
Let f(l) = 41*l + 818. What is f(-33)?
-535
Let l(r) = 3*r**3 + 104*r**2 - 35*r + 193. What is l(-35)?
193
Let a(x) = 48*x - 170. Determine a(4).
22
Let b(a) = 13*a - 391. Determine b(33).
38
Let x(m) = 1021*m + 3055. What is x(-3)?
-8
Let q(f) = -2*f**2 + 18*f + 191. Give q(-9).
-133
Let c(w) = -2*w**3 - 22*w**2 + 958*w - 9. Give c(17).
93
Let m(c) = c**3 - c**2 - 22*c + 43. Calculate m(3).
-5
Let o(j) = -15*j**2 + 131*j + 371. What is o(11)?
-3
Let u(l) = l**3 + 11*l**2 + 203*l + 2119. What is u(-11)?
-114
Let q(j) = -4*j**2 + 32*j - 6. Determine q(8).
-6
Let c(g) = g**2 - 64*g + 10. Give c(64).
10
Let o(d) = -41*d - 1427. Give o(-34).
-33
Let c(w) = -65*w + 1693. What is c(26)?
3
Let i(g) = g**3 + 34*g**2 + 70*g + 236. Calculate i(-32).
44
Let u(d) = -5*d**3 + 32*d**2 + 124*d + 15. Calculate u(-4).
351
Let p(h) = -140*h - 2931. Give p(-21).
9
Let b(g) = 31*g + 170. Determine b(-15).
-295
Let c(w) = -2*w**3 - 31*w**2 + 22*w - 6. Calculate c(-16).
-102
Let n(b) = -375*b - 4139. Give n(-11).
-14
Let f(s) = -s**3 - 9*s**2 - 35*s - 142. Determine f(-5).
-67
Let r(c) = -c**3 + 11*c**2 + 20*c - 32. What is r(13)?
-110
Let z(r) = -52*r**2 - 91*r + 178. What is z(2)?
-212
Let p(f) = -86*f + 17. Calculate p(-2).
189
Let s(j) = -69*j + 13. Calculate s(1).
-56
Let w(m) = -m**3 + 19*m**2 - 32*m + 98. Determine w(17).
132
Let p(w) = -14*w**2 + 284*w - 1193. Give p(6).
7
Let b(h) = -96*h - 3361. Determine b(-35).
-1
Let j(a) = -a**3 - 11*a**2 - 36*a - 180. What is j(-10)?
80
Let k(n) = -3*n**2 - 163*n + 94. What is k(-55)?
-16
Let b(h) = 5*h**3 - 12*h**2 - 12*h + 11. Calculate b(5).
276
Let n(i) = -i**3 - 14*i**2 + 58*i + 11. Calculate n(-16).
-405
Let j(v) = -2*v**2 + 121*v + 163. Determine j(62).
-23
Let s(t) = -t**2 - 9*t + 393. Determine s(-26).
-49
Let s(r) = 12*r + 4. Calculate s(-2).
-20
Let o(l) = 4609*l + 239677. Determine o(-52).
9
Let v(n) = 26*n - 50. Determine v(-11).
-336
Let d(s) = -14*s - 235. What is d(-17)?
3
Let t(y) = 3*y**2 - 744*y + 14918. Determine t(226).
2
Let f(z) = -4*z**2 - 12077*z + 96878. What is f(8)?
6
Let g(n) = 38*n**2 - 3. Determine g(2).
149
Let j(t) = t**2 + 92*t - 898. Determine j(9).
11
Let k(n) = 1086*n + 5424. Calculate k(-5).
-6
Let f(n) = -n**3 + 15*n**2 - 23*n + 31. What is f(13)?
70
Let h(y) = -1662*y - 3279. Give h(-2).
45
Let r(z) = -z**3 - 33*z**2 - 67*z - 96. Give r(-31).
59
Let y(x) = 7*x + 353. What is y(-10)?
283
Let a(q) = 13*q**2 - 332*q - 130. What is a(26)?
26
Let z(t) = 108*t - 7908. Determine z(72).
-132
Let f(g) = -2*g**2 - 47*g - 137. Calculate f(-20).
3
Let u(i) = -i**2 - 46*i - 459. Give u(-32).
-11
Let r(o) = 632*o + 13906. Determine r(-22).
2
Let b(r) = 18*r + 438. Determine b(-24).
6
Let r(t) = -t**3 + 9*t**2 + 11*t - 12. Calculate r(0).
-12
Let v(f) = 9*f - 299. Determine v(44).
97
Let v(r) = 6*r**2 + 50*r + 27. Give v(-7).
-29
Let o(n) = 7*n**3 - 868*n**2 + n - 118. Give o(124).
6
Let p(k) = 575*k + 6898. What is p(-12)?
-2
Let h(p) = 12*p**2 - 14*p - 41. Determine h(-3).
109
Let m(q) = 376*q - 2175. Give m(6).
81
Let u(j) = -6*j**2 + 9*j - 7. Calculate u(1).
-4
Let f(p) = -3791*p + 26514. Calculate f(7).
-23
Let s(u) = 17*u - 169. Give s(23).
222
Let n(r) = 130*r - 258. Determine n(4).
262
Let c(u) = -13*u**2 + 94*u + 124. Give c(8).
44
Let q(y) = y**3 + 8*y**2 - y + 5. Calculate q(-3).
53
Let o(l) = 6*l**3 - 36*l**2 + 5*l + 20. What is o(3)?
-127
Let v(l) = -l**2 + 33*l - 229. Calculate v(25).
-29
Let o(l) = 98*l + 2037. Calculate o(-21).
-21
Let a(x) = 61*x + 4897. Give a(-82).
-105
Let b(j) = -j**3 - 15*j**2 + 31*j - 18. What is b(-17)?
33
Let w(b) = 8*b + 1. What is w(2)?
17
Let x(r) = -r**3 + 31*r**2 - 55*r - 32. Determine x(29).
55
Let b(m) = m**3 + 11*m**2 - 114. Determine b(-11).
-114
Let w(s) = -2090*s + 2088. Give w(1).
-2
Let j(z) = -2*z**2 + 134*z + 1838. Give j(79).
-58
Let x(m) = m**2 - 423*m + 42570. Give x(165).
0
Let s(t) = -t**3 + 14*t**2 - 4*t - 191. What is s(8)?
161
Let a(j) = -j**2 + 1111*j - 6623. Give a(6).
7
Let m(b) = 10*b**3 - 292*b**2 + 57*b + 37. Calculate m(29).
8
Let y(n) = 88*n - 468. Calculate y(5).
-28
Let d(h) = 96*h - 12007. What is d(125)?
-7
Let l(p) = p**3 + 40*p**2 - 21*p - 819. What is l(-40)?
21
Let k(c) = 46*c - 1737. Calculate k(38).
11
Let m(a) = -a**3 - 50*a**2 - 429*a - 21. What is m(-39)?
-21
Let f(t) = 6*t**3 - 277*t**2 + 46*t - 13. Determine f(46).
-13
Let r(z) = z**2 + 62*z - 389. What is r(6)?
19
Let w(l) = l**3 + 30*l**2 + 175*l - 72. Give w(-22).
-50
Let v(j) = j**2 - 20*j + 93. Give v(14).
9
Let j(c) = -22*c**2 + 189*c + 76. What is j(9)?
-5
Let o(i) = i**3 - 15*i**2 - 11*i + 147. Give o(15).
-18
Let a(y) = 15*y**2 - 297*y + 80. What is a(19)?
-148
Let o(w) = w**3 - 19*w**2 + 183*w - 4105. What is o(20)?
-45
Let r(h) = 4*h. Calculate r(19).
76
Let r(x) = 3*x**2 + 10*x - 39. Calculate r(-7).
38
Let y(m) = 53*m - 1047. Determine y(23).
172
Let n(h) = -h**2 + 46*h - 177. Give n(45).
-132
Let t(b) = -2*b**3 - 5*b**2 - 221*b - 1385. Calculate t(-6).
193
Let w(q) = -q**2 + 25*q + 212. Determine w(36).
-184
Let w(o) = o**2 - 125*o - 777. Determine w(-6).
9
Let f(b) = -28*b + 872. Calculate f(32).
-24
Let d(m) = -m**2 - 62*m - 223. Calculate d(-58).
9
Let f(a) = -157*a - 1557. What is f(-10)?
13
Let s(j) = -9*j**2 + 197*j + 222. What is s(23)?
-8
Let w(g) = -27*g - 558. Give w(-19).
-45
Let i(p) = 40*p - 612. Determine i(16).
28
Let p(b) = -b**2 - 26*b - 23. Give p(-27).
-50
Let h(r) = -4*r**2 - 29*r - 48. Calculate h(-7).
-41
Let b(k) = -k**3 + k**2 - 29*k - 9. Calculate b(0).
-9
Let w(c) = -7*c**2 - 418*c + 119. What is w(-60)?
-1
Let a(b) = -2*b**2 - 29*b + 15. Determine a(0).
15
Let o(r) = 3*r**2 - 32*r + 61. What is o(2)?
9
Let u(l) = -2*l**3 + 41*l**2 + 9*l + 32. What is u(21)?
-220
Let i(q) = 5197*q + 31186. Give i(-6).
4
Let p(o) = 3*o**2 + 43*o - 1. Calculate p(-14).
-15
Let g(l) = l**2 - 106*l - 1079. Determine g(-10).
81
Let q(w) = -2*w**2 + 132*w - 703. Give q(6).
17
Let o(s) = s**3 - 41*s**2 + 129*s - 160. Determine o(38).
410
Let v(h) = 19*h**2 - 37*h - 9. Calculate v(-1).
47
Let l(r) = r**3 - 17*r**2 + 80*r - 180. Determine l(12).
60
Let i(u) = 2*u**2 + 104*u - 337. Determine i(-54).
-121
Let g(m) = 2*m**3 - 14*m**2 - m - 36. Calculate g(9).
279
Let o(u) = u**3 + 30*u**2 - 1707*u - 153. Give o(29).
-37
Let y(r) = 14*r**3 - 4326*r**2 - r + 307. Determine y(309).
-2
Let z(t) = -5*t**2 - 451*t - 1352. Determine z(-3).
-44
Let l(z) = 2*z**3 - 6*z**2 + 20*z - 71. Give l(5).
129
Let y(m) = 45*m - 559. Calculate y(14).
71
Let o(c) = -3017*c - 18004. Calculate o(-6).
98
Let s(q) = -q**2 - 78*q - 1493. What is s(-33)?
-8
Let c(j) = -2*j**2 + 40*j - 55. What is c(19)?
-17
Let u(k) = 78*k + 1917. Calculate u(-27).
-189
Let s(o) = 70*o - 2516. Give s(36).
4
Let m(w) = -47*w + 1923. Give m(41).
-4
Let r(a) = 2*a**2 + 145*a - 1662. Give r(10).
-12
Let q(z) = -209*z - 6278. Determine q(-30).
-8
Let d(j) = 30*j - 2570. What is d(86)?
10
Let s(c) = c**3 - 21*c**2 - 50*c - 11. Give s(22).
-627
Let b(u) = -6*u**3 - 254*u**2 - 89*u - 105. What is b(-42)?
105
Let l(x) = -206*x + 1869. Give l(10).
-191
Let x(y) = 121*y + 380. Give x(-3).
17
Let o(u) = -172*u - 1878. What is o(-13)?
358
Let b(m) = -37*m + 459. Calculate b(11).
52
Let d(o) = 1915*o - 9566. Give d(5).
9
Let q(o) = o**2 - 89*o + 294. What is q(86)?
36
Let i(b) = -b**3 - 9*b**2 + b + 8. What is i(-4)?
-76
Let s(l) = 7*l + 167. Calculate s(-15).
62
Let p(t) = 3*t**2 - 141*t + 267. Determine p(45).
-3
Let d(i) = 9*i**2 + 1151*i + 148. Calculate d(-128).
276
Let d(b) = -30*b - 110. Determine d(-4).
10
Let g(p) = -p**3 + 13*p**2 + 58*p - 29. Give g(17).
-199
Let q(c) = 819*c - 3282. Calculate q(4).
-6
Let x(m) = 2*m**3 - 368*m**2 + 710*m + 3275. Give x(182).
-1
Let m(x) = 268*x - 37230. What is m(139)?
22
Let s(z) = 700*z**3 + z**2 + 5*z. Give s(1).
706
Let w(v) = -104*v - 286. What is w(-2)?
-78
Let f(j) = 32*j**2 - 1086*j - 73. Give f(34).
-5
Let l(w) = -541*w - 373. Calculate l(-1).
168
Let z(o) = -119*o - 2469. Give z(-21).
30
Let l(f) = f**